{"id":89524,"date":"2024-02-27T20:32:20","date_gmt":"2024-02-27T23:32:20","guid":{"rendered":"https:\/\/lavaca.org\/trinchera\/?page_id=89524"},"modified":"2024-02-27T20:33:05","modified_gmt":"2024-02-27T23:33:05","slug":"laboratorio-de-experimentacion-de-comunicacion-y-artes-escenicas","status":"publish","type":"page","link":"https:\/\/lavaca.org\/trinchera\/laboratorio-de-experimentacion-de-comunicacion-y-artes-escenicas\/","title":{"rendered":"Laboratorio de Experimentaci\u00f3n de Comunicaci\u00f3n y Artes Esc\u00e9nicas"},"content":{"rendered":"\n<figure class=\"wp-block-image size-large\"><img loading=\"lazy\" decoding=\"async\" width=\"1024\" height=\"683\" src=\"https:\/\/lavaca.org\/trinchera\/wp-content\/uploads\/2024\/02\/postas13sep14-1024x683.jpg\" alt=\"\" class=\"wp-image-89525\" srcset=\"https:\/\/lavaca.org\/trinchera\/wp-content\/uploads\/2024\/02\/postas13sep14-1024x683.jpg 1024w, https:\/\/lavaca.org\/trinchera\/wp-content\/uploads\/2024\/02\/postas13sep14-300x200.jpg 300w, https:\/\/lavaca.org\/trinchera\/wp-content\/uploads\/2024\/02\/postas13sep14-768x512.jpg 768w, https:\/\/lavaca.org\/trinchera\/wp-content\/uploads\/2024\/02\/postas13sep14-600x400.jpg 600w, https:\/\/lavaca.org\/trinchera\/wp-content\/uploads\/2024\/02\/postas13sep14.jpg 1200w\" sizes=\"auto, (max-width: 1024px) 100vw, 1024px\" \/><\/figure>\n\n\n\n<h2 class=\"wp-block-heading\">El teatro como trinchera<\/h2>\n\n\n\n<p>MU Trinchera Boutique abre esta sala teatral como laboratorio de creaci\u00f3n de imposibles: esa es la tarea de la imaginaci\u00f3n. Entrenar nuevos sentidos, experimentar con lenguajes cl\u00e1sicos y mezclar herramientas del arte para abordar la realidad marcan el punto de partida.<\/p>\n\n\n\n<p>En esta, inaugurada en 2018, trabajamos con ejes tem\u00e1ticos espec\u00edficos que dictan nuestros lazos con organizaciones y territorios muy castigados y tambi\u00e9n, por eso mismo, muy creativos: resistir es inventar lo que no hay. Nos interpelan la violencia en todas sus formas, la desigualdad en toda su profundidad y el fascismo que hoy se expresa en la intolerancia a la diversidad. Nos mueve una urgencia: el planeta est\u00e1 en riesgo.<\/p>\n\n\n\n<p>Establecer lazos entre las artes esc\u00e9nicas y la comunicaci\u00f3n es una hip\u00f3tesis de trabajo que nos motiv\u00f3 a tejer alianzas y llevar adelante acciones sociales concretas teniendo como gran escenario, la la calle, y como tubo de ensayo, la sala teatral. Durante la pandemia de 2020 sumamos la vidriera: en \u00e9pocas dif\u00edciles hay que crecer.<\/p>\n\n\n\n<p>Toda esta experiencia es posible gracias a la riqueza que aporta nuestra cooperativa lavaca, medio y escuela de comunicaci\u00f3n que desde hace dos d\u00e9cadas sostienen las personas y organizaciones que nos apoyan, conformando una comunidad que en esta Trinchera se convierte en \u00abprotagonista\/espectactante\u00bb.<\/p>\n","protected":false},"excerpt":{"rendered":"<p>El teatro como trinchera MU Trinchera Boutique abre esta sala teatral como laboratorio de creaci\u00f3n de imposibles: esa es la tarea de la imaginaci\u00f3n. Entrenar nuevos sentidos, experimentar con lenguajes cl\u00e1sicos y mezclar herramientas del arte para abordar la realidad marcan el punto de partida. En esta, inaugurada en 2018, trabajamos con ejes tem\u00e1ticos espec\u00edficos que dictan nuestros lazos con [&hellip;]<\/p>\n","protected":false},"author":1,"featured_media":89525,"parent":0,"menu_order":0,"comment_status":"closed","ping_status":"closed","template":"","meta":{"footnotes":""},"class_list":["post-89524","page","type-page","status-publish","has-post-thumbnail","hentry"],"_links":{"self":[{"href":"https:\/\/lavaca.org\/trinchera\/wp-json\/wp\/v2\/pages\/89524","targetHints":{"allow":["GET"]}}],"collection":[{"href":"https:\/\/lavaca.org\/trinchera\/wp-json\/wp\/v2\/pages"}],"about":[{"href":"https:\/\/lavaca.org\/trinchera\/wp-json\/wp\/v2\/types\/page"}],"author":[{"embeddable":true,"href":"https:\/\/lavaca.org\/trinchera\/wp-json\/wp\/v2\/users\/1"}],"replies":[{"embeddable":true,"href":"https:\/\/lavaca.org\/trinchera\/wp-json\/wp\/v2\/comments?post=89524"}],"version-history":[{"count":2,"href":"https:\/\/lavaca.org\/trinchera\/wp-json\/wp\/v2\/pages\/89524\/revisions"}],"predecessor-version":[{"id":89527,"href":"https:\/\/lavaca.org\/trinchera\/wp-json\/wp\/v2\/pages\/89524\/revisions\/89527"}],"wp:featuredmedia":[{"embeddable":true,"href":"https:\/\/lavaca.org\/trinchera\/wp-json\/wp\/v2\/media\/89525"}],"wp:attachment":[{"href":"https:\/\/lavaca.org\/trinchera\/wp-json\/wp\/v2\/media?parent=89524"}],"curies":[{"name":"wp","href":"https:\/\/api.w.org\/{rel}","templated":true}]}}